git of a(-11)?
3
Suppose -2*m = l + 3*m + 54, 2*m = -8. Let k = l + 66. Suppose k = -0*v + 4*v. What is the units digit of v?
8
Suppose 5*j + 3*q + 2 = -0, -5*q = -4*j + 28. Suppose -j*a + 2*x + 241 = 5*x, a + 2*x - 123 = 0. What is the hundreds digit of a?
1
Let g = 19 - 15. Suppose g*m = 150 + 62. What is the tens digit of m?
5
Suppose -z = 3 + 1. What is the tens digit of -3*((-472)/12 + z)?
3
Suppose 0 = 6*b - 2*b. Suppose b = 4*a - 200 - 408. What is the hundreds digit of a?
1
Let j = 231 + 441. What is the tens digit of j?
7
Suppose 6*h = 4*h + 8. Suppose -h*d - 2*o = 2*o - 208, 163 = 3*d - 4*o. What is the tens digit of d?
5
Let q(a) = a**3 + 5*a**2 - 8*a - 9. Let r be -3*(2 + (-30)/9). Suppose -3*c = -6*c + r*u - 34, 0 = 4*c - 5*u + 44. What is the units digit of q(c)?
3
Let p(l) = -l + 24. Let u be p(8). Suppose 2*o + 2*o = 3*z + 488, u = 4*z. What is the units digit of o?
5
Suppose 5*b = 3*i - 15, -5*b + 0 = 4*i - 55. Let n be 6/15 + 166/i. Let m = n + -13. What is the units digit of m?
4
Suppose -3*m - 5*z = -13, 0*z - 5*z + 25 = 5*m. Suppose -2*g = -m*g. Suppose 4*n + 58 = 2*c, g*n - 66 = -2*c + 2*n. What is the tens digit of c?
3
Let p(r) = -r**2 + 32*r - 14. Let z = 86 + -80. What is the units digit of p(z)?
2
Let m(q) = -q**2 - 3*q + 2. Let v be m(-4). Suppose 2*j = 2*p - 54, 0 = -5*p - 10*j + 5*j + 155. Let n = v + p. What is the tens digit of n?
2
Suppose -4*b = 4*j - 31 - 65, 5*j - b = 132. Suppose 0 = 2*h - 0*h - j. Let s(i) = -i + 32. What is the tens digit of s(h)?
1
Let p = 1436 - 450. What is the tens digit of p?
8
Suppose 21*x = 5561 + 3805. What is the hundreds digit of x?
4
Let l be -2 - ((6 - 3) + 36). Let t = -17 - l. What is the tens digit of t?
2
Suppose -2*k = -2*t + 718, -4*k + 359 = -3*t + 4*t. What is the tens digit of t?
5
Suppose 0*s = -s - 32. Let y = s + 38. What is the units digit of y?
6
Let q = -700 - -1220. What is the tens digit of q?
2
Suppose 0 = j - 5*b - 1 - 22, 6 = -2*j - 3*b. Suppose -j*d = -4*d + 127. What is the tens digit of d?
2
Let v(i) be the first derivative of 3*i**3 - i**2 - 6*i + 13. What is the tens digit of v(3)?
6
Let p(m) = -m**3 + 14*m**2 + 25. Let a be p(14). Suppose -5*n + 3*n = 0. Let h = n + a. What is the tens digit of h?
2
Suppose 26840 = 10*a - 0*a. Suppose -17*v + 6*v + a = 0. What is the hundreds digit of v?
2
Let l be (6 - -1)*12/42. Suppose -7*s = -0*s - 42. Suppose -l*r = -s*r + 136. What is the units digit of r?
4
Suppose 3*w - w - 158 = 0. Suppose 789 - w = 5*i. What is the hundreds digit of i?
1
Let j(g) = -g + 84. Let b(f) = -f - 16. Let q be b(-16). Let w be j(q). Let t = 147 - w. What is the tens digit of t?
6
Suppose -2*a = -4*g - 10488, -10059 - 417 = -2*a + g. What is the units digit of a?
6
Suppose 0 = -2*g + 10. Suppose -g*h + h + 240 = 0. Suppose i + i = 5*v - 93, h = 4*v + 2*i. What is the units digit of v?
7
Let b be 314/4 - (-5)/(-10). Let i = -44 + b. What is the tens digit of i?
3
Let v be (-5 + -1)*(-8)/24. Let k = 6 - v. What is the units digit of -5 + k + -1 + 5?
3
Let t be (-192)/2*((-11)/3 - -5). Let m = t - -158. What is the tens digit of m?
3
Let h = -92 - -157. Suppose 112 = -64*a + h*a. What is the hundreds digit of a?
1
Let w(x) = x**3 - 6*x**2 - 12*x + 197. What is the hundreds digit of w(11)?
6
Let v(u) = -5*u + 12. Let x be v(2). Suppose x*c - 6*c = -332. What is the units digit of c?
3
Let x(c) = -8*c + 14. Let w be x(4). Let g be ((-12)/w)/(2/(-12)). Let j(i) = i**2 - 3*i. What is the tens digit of j(g)?
2
Suppose 2*m - w + 3*w - 2 = 0, -2*m + 8 = -w. Suppose -2*t - 281 = -3*l, -m*l - 2*t = 78 - 355. Let g = l - 64. What is the units digit of g?
9
Let n = -219 - -5959. What is the hundreds digit of n?
7
Let g(h) = 4*h**2 + 17*h - 41. What is the tens digit of g(13)?
5
Suppose 4*y + 0*y + 16 = 0. Let z = 9 + y. Suppose -4*v + 3 = -5*v, -z*v = -s + 26. What is the units digit of s?
1
What is the hundreds digit of (-2)/(6 - 45955/7658)?
1
Let z = -83 - -351. What is the units digit of z?
8
Suppose 11*d = 3*d - 32. Let u(p) = -p - 3. Let a be u(d). Let z(o) = 63*o + 1. What is the tens digit of z(a)?
6
Let q(i) = i**3 - 9*i**2 + 10*i - 13. Let l be q(8). Suppose -l*h - 481 = -5*h + c, c - 487 = -2*h. What is the tens digit of h?
4
Let d(w) = -w**2 + 59*w - 115. What is the units digit of d(22)?
9
Let y = 6 + -4. Suppose 0*z - 6 = y*z. What is the units digit of -12*-1*(4 + z)?
2
Suppose 58*n - 61*n + 3537 = 0. What is the hundreds digit of n?
1
What is the hundreds digit of (-4)/24 - (-13794)/36?
3
Let p be ((-15)/9)/((-6)/18). What is the tens digit of 278/p - (-42)/(-70)?
5
Let r = -237 - -927. What is the hundreds digit of r?
6
Let y = -4 - -4. Let j be (-2)/1 + y - -20. What is the tens digit of 2/(-6) + 528/j?
2
Suppose -2*k - 3*t = 9, -5*k - 5*t - 13 - 2 = 0. Suppose 308 = -k*l + 5*l + 4*b, 4*l - 247 = -3*b. What is the units digit of l?
4
Let p = 9 - 1. Suppose 3*r - 20 = p*r. What is the units digit of 5 + -3*r/(-12)?
4
Suppose -3*q - 5*c = -447, q + 3*q - c = 573. Let m be (-3)/(-5) + q/10. Suppose -m = -3*t, 85 = 2*h - t + 2*t. What is the units digit of h?
0
Suppose 433 + 2864 = 21*v. What is the tens digit of v?
5
Let s(n) = n**3 + 6*n**2 + 7. Let j be s(-6). Let l(k) = 6*k - 5 + 0 - 3 - j. What is the tens digit of l(8)?
3
Let q(v) = 5 + v - 10*v + 10*v + 1. Let s be q(8). Suppose 13*p = s*p - 25. What is the tens digit of p?
2
Suppose -2*m = 14 + 6. What is the hundreds digit of (-6)/m + 1494/10?
1
Let x be (-770)/(-33) - 2/(-3). Suppose 0 = -5*v + 2*s + s + x, -v + 3*s + 12 = 0. What is the units digit of (4/v)/(3/36)?
6
Suppose 5*m = -35*k + 37*k + 3669, -4*m + 2942 = -5*k. What is the units digit of m?
3
Suppose 3*a + 8*t - 3*t = 95, 29 = a + t. Suppose 0 - a = -5*z. Suppose -4*v + 88 = 5*l, 7*l = 2*l - z*v + 85. What is the units digit of l?
0
Let z = -46 + 49. What is the tens digit of 57 + (z/(-1))/(24/(-16))?
5
What is the hundreds digit of 2*(-9)/6*-115?
3
Let h be 7 - 12/8*2. Suppose -2*u + 32 = 2*y, h*y - 4*u - 39 = -3*u. What is the tens digit of y?
1
Suppose 4*a + 152 = 4*u, 5*u - 186 = a - 0*a. What is the tens digit of (-3 - 5)/2 + u?
3
Let m = -17 - -19. Suppose -4*f - u = 269, 4*f + m*u = 3*f - 69. Let l = f + 105. What is the units digit of l?
8
Suppose 4*o = 0, 2*f = -42*o + 37*o + 412. What is the hundreds digit of f?
2
Let j = 22 - 74. Let l = j + 83. What is the units digit of l?
1
Suppose -2*a = 5*y - 5759, 46*a + 5*y = 49*a - 8626. What is the hundreds digit of a?
8
Let s be -1 + 0 - (2 + -30). Let n be (1 - -3) + (-14 - (-72)/9). What is the tens digit of s - (-2 - (n - 1))?
2
Let q(n) = -n**2 - 26*n - 29. Let x = -80 - -73. What is the units digit of q(x)?
4
Let h(a) be the first derivative of -5*a**2/2 + 43*a - 20. What is the units digit of h(-14)?
3
Let i(h) = 9*h**2 + h + 1. Let n be i(-1). Suppose 18 = 3*w + n. What is the tens digit of 14*w/(-6)*-7?
4
Let y(a) = a**2 - 27*a - 87. What is the tens digit of y(-18)?
2
Let l = -36 - -52. Let r = 18 - l. Suppose 4*t = r + 30. What is the units digit of t?
8
What is the hundreds digit of -7 + 863 + -1 + -3?
8
Let y(c) = -6*c - 15. Suppose -5*j - 5*q + 50 = -30, 4 = 2*j - 5*q. Suppose -6*z = -4*z + j. What is the units digit of y(z)?
1
Let w = 114 - -267. What is the units digit of w?
1
Suppose 2*v - v - 959 = -2*w, -2*v = -4*w - 1934. Suppose -3*h + v = -138. Suppose -53 - h = -6*u. What is the units digit of u?
0
Let r = 43 + 6. Let i = r + 15. Suppose -4*p + 4 + i = 0. What is the tens digit of p?
1
Let x(o) = o**3 - 4*o**2 - 3*o - 5. Let w be x(5). Suppose -3*d - w - 10 = 0, 4*v = -2*d + 6. What is the units digit of v?
4
Let n be 2188/4 + 3/(2 + 1). Suppose 0 = -4*i - 4*f + n, 5*f + 10 = -0*f. What is the tens digit of i?
3
Suppose -8 + 5 = -m. Let s(x) = 4*x**3 - 3*x**2 - 4*x + 2. What is the tens digit of s(m)?
7
Let s(l) = l**2 - l - 4. Let t be s(6). Let g = t + -3. Suppose -5*h + 12 = -g. What is the units digit of h?
7
Suppose 5*a + 28 = d, -4*a + 2*a - 80 = -2*d. Let z = d - -41. What is the tens digit of z?
8
Suppose 5*z - 5557 = 14713. What is the hundreds digit of z?
0
What is the tens digit of -534*(3 - 2)*-1?
3
Let r(j) = 5*j + 11. Let z be r(-6). Let v = z - -66. What is the units digit of v?
7
Let z(a) = a**3 + 9*a**2 - 7*a - 9. L